{"id":536,"date":"2020-01-09T11:46:02","date_gmt":"2020-01-09T11:46:02","guid":{"rendered":"https:\/\/mediacamp.sdu.dk\/?page_id=536"},"modified":"2026-01-19T13:24:38","modified_gmt":"2026-01-19T13:24:38","slug":"forside","status":"publish","type":"page","link":"https:\/\/mediacamp.sdu.dk\/","title":{"rendered":"Forside"},"content":{"rendered":"<p>Denne side er SDU Mediacamps e-avis.<\/p>\n<p>Mediacamp Cup 2026 havde forn\u00f8jelsen af fem dygtige gymnasieklasser: Himmelev Gymnasium 2.z, Mulernes Legatskole 2.wy, Nordfyns Gymnasium 2.e, Stenhus Gymnasium 3.c, Aalborg Gymnasium 2.i.<\/p>\n<p>SDU Mediacamp Cup 2026 er afgjort<br \/>\n<strong>Vinderklassen for bedste samlede klassepr\u00e6station er: Himmelev Gymnasium 2.z<\/strong><\/p>\n<p>I underkategorierne er vinderne:<br \/>\nBedste <strong>nyhed<\/strong>: Himmelev Gymnasium<br \/>\nBedste <strong>portr\u00e6t<\/strong>: Aalborg Handelsskole<br \/>\nBedste <strong>leder<\/strong>: Nordfyns Gymnasium<br \/>\nBedste <strong>analyse<\/strong>: Stenhus Gymnasium<br \/>\nBedste <strong>SoMe<\/strong>-indsats: Himmelev Gymnasium<\/p>\n<p>F\u00f8lg eleverne under deres 3-dages ophold p\u00e5 SDU Medietorvet i januar 2026: <a href=\"https:\/\/www.instagram.com\/sdumediacamp\/\" target=\"_blank\" rel=\"noopener\">instagram.com\/sdumediacamp\/<\/a><\/p>\n<p><strong>OPGAVEN:<\/strong><br \/>\nEmnet er <strong>kunstig intelligens<\/strong>. Hver klasse bestemmer selv, hvordan \u00e5rets emne skal d\u00e6kkes journalistisk, men f\u00f8lgende elementer skal udarbejdes og uploades til mediacamp.sdu.dk senest fredag kl. 12.00.<\/p>\n<p>Hver klasse inddeler sig i redaktioner i forhold til de journalistiske produkter, der skal udarbejdes:<\/p>\n<ul style=\"list-style-type: disc;\">\n<li>En nyhed<br \/>\n<em><em>Skrift: Max 3.000 tegn inkl. mellemrum eller lyd: Max 0.50 min eller video: Max 2.00 min<\/em><\/em><\/li>\n<li>En leder<br \/>\n<em><em>Skrift: Max 2.800 tegn inkl. mellemrum. Dette format egner sig bedst til skrift<\/em><\/em><\/li>\n<li>En analyse<br \/>\n<em><em>Skrift: Max 6.000 tegn inkl. mellemrum eller lyd: Max 2.00 eller video: Max 2.20 min<\/em><\/em><\/li>\n<li>Et portr\u00e6t<br \/>\n<em>Skrift: Max 3.000 tegn inkl. mellemrum eller lyd: Max 1.30 eller video: Max 3.00 min<br \/>\n<\/em><br \/>\nByline t\u00e6ller ikke med i antal tegn.<\/li>\n<li><strong>SoMe<\/strong><br \/>\nHver klasse skal poste stories p\u00e5 <a href=\"https:\/\/www.instagram.com\/sdumediacamp\/\" target=\"_blank\" rel=\"noopener\">instagram.com\/sdumediacamp\/<\/a>, som bruges som en slags logbog, der fort\u00e6ller om klassernes arbejdsproces under Mediacamp 2026.<\/li>\n<\/ul>\n<p><strong>Publicering<br \/>\n<\/strong>De journalistiske produkter l\u00e6gges p\u00e5 mediacamp.sdu.dk. Hvilke produkter, der produceres i hvilken form (skrift, lyd, video), bestemmer den enkelte redaktion selv. Projektets mediepartnere \u2013 Fyens Stiftstidende, DR Fyn, TV2 Nyhederne, TV2 Fyn og Media City Odense &#8211; kan anvende indholdet.<\/p>\n<p><strong>Deadline og k\u00e5ring<br \/>\nDEADLINE for publicering af indholdet p\u00e5 Mediacamps sidste dag: Fredag kl. 12.00<\/strong>, hvorefter et dommerpanel vil afsl\u00f8re, hvem der har udarbejdet de bedste produktioner. Kategorierne bliver vurderet efter klassiske journalistiske kriterier.<\/p>\n<p>Der k\u00e5res vindere i f\u00f8lgende kategorier:<\/p>\n<ul>\n<li>Bedste nyhed, leder, analyse, portr\u00e6t og SoMe-indsats (k\u00e5res af dommerpanel)<\/li>\n<li>Bedste samlede klassepr\u00e6station, heri indg\u00e5r ogs\u00e5 en vurdering af klassernes eksponering p\u00e5 sociale medier (k\u00e5res af dommerpanel i samr\u00e5d med studenterredakt\u00f8rer).<\/li>\n<\/ul>\n<p>&nbsp;<\/p>\n<p>&nbsp;<\/p>\n<p>&nbsp;<\/p>\n<p>&nbsp;<\/p>\n<p>&nbsp;<\/p>\n<p>&nbsp;<\/p>\n<p>&nbsp;<\/p>\n<p>&nbsp;<\/p>\n<p>&nbsp;<\/p>\n<p>&nbsp;<\/p>\n<p>&nbsp;<\/p>\n<p>&nbsp;<\/p>\n","protected":false},"excerpt":{"rendered":"<p>Denne side er SDU Mediacamps e-avis. Mediacamp Cup 2026 havde forn\u00f8jelsen af fem dygtige gymnasieklasser: Himmelev Gymnasium 2.z, Mulernes Legatskole 2.wy, Nordfyns Gymnasium 2.e, Stenhus Gymnasium 3.c, Aalborg Gymnasium 2.i. SDU Mediacamp Cup 2026 er&#8230;<\/p>\n","protected":false},"author":1,"featured_media":0,"parent":0,"menu_order":0,"comment_status":"closed","ping_status":"closed","template":"","meta":{"footnotes":""},"class_list":["post-536","page","type-page","status-publish","hentry"],"_links":{"self":[{"href":"https:\/\/mediacamp.sdu.dk\/index.php\/wp-json\/wp\/v2\/pages\/536","targetHints":{"allow":["GET"]}}],"collection":[{"href":"https:\/\/mediacamp.sdu.dk\/index.php\/wp-json\/wp\/v2\/pages"}],"about":[{"href":"https:\/\/mediacamp.sdu.dk\/index.php\/wp-json\/wp\/v2\/types\/page"}],"author":[{"embeddable":true,"href":"https:\/\/mediacamp.sdu.dk\/index.php\/wp-json\/wp\/v2\/users\/1"}],"replies":[{"embeddable":true,"href":"https:\/\/mediacamp.sdu.dk\/index.php\/wp-json\/wp\/v2\/comments?post=536"}],"version-history":[{"count":50,"href":"https:\/\/mediacamp.sdu.dk\/index.php\/wp-json\/wp\/v2\/pages\/536\/revisions"}],"predecessor-version":[{"id":1971,"href":"https:\/\/mediacamp.sdu.dk\/index.php\/wp-json\/wp\/v2\/pages\/536\/revisions\/1971"}],"wp:attachment":[{"href":"https:\/\/mediacamp.sdu.dk\/index.php\/wp-json\/wp\/v2\/media?parent=536"}],"curies":[{"name":"wp","href":"https:\/\/api.w.org\/{rel}","templated":true}]}}